t r(s) = -s**3 - 6*s**2 - 6*s + 6. What are the prime factors of r(w)?
11
Let z(p) = 4*p**2 + 7*p + 2. Let v be z(4). Let b = -19 + v. List the prime factors of b.
3, 5
Suppose 8 = 2*k + 4. Suppose 0 = k*c - 170 - 198. What are the prime factors of c?
2, 23
Suppose 0 = 6*u + 10*u + 32. What are the prime factors of (-1356)/(-8) + -2 + (-5)/u?
2, 5, 17
Suppose c - 500 = 311. What are the prime factors of c?
811
Let x(y) = 4*y**2 + 2*y - 2. Let a = -16 + 10. Let h be a - (-1 + (1 - 2)). What are the prime factors of x(h)?
2, 3
Let q(n) = n**3 + 13*n**2 - 19*n - 33. Let k be q(-15). Let w = 518 + k. What are the prime factors of w?
2, 5
Let o = 6 + -3. Suppose 0 = 5*z, -t + 2*z = -o*t + 8. Suppose h - t*h = -105. What are the prime factors of h?
5, 7
Suppose c - 5 = -1. Suppose z + 5*p - 1 = 4, 4*z - c*p + 52 = 0. What are the prime factors of (68/(-5))/(4/z)?
2, 17
Let w be ((-436)/5)/(1/(-5)). Let t = -206 + w. What are the prime factors of t/4 - 6/12?
3, 19
Let n = 1 - -3. Suppose 2*r - 4*t = 42, 4*r + 6*t = n*t + 44. What are the prime factors of (r/(-2))/(3/(-6))?
13
What are the prime factors of ((-45)/9 + 4)*(-2049)/3?
683
Suppose 786 = 3*z + 4*v, -3*z + 786 = -6*v + 2*v. What are the prime factors of z?
2, 131
Suppose 1845 = 4*n + 149. List the prime factors of n.
2, 53
Let o = -400 + 866. What are the prime factors of o?
2, 233
Let u(w) = -10*w**2 + 6*w + 7. Let k be u(-3). Let q = -44 - k. What are the prime factors of q?
3, 19
Let o(h) = -32*h + 336. List the prime factors of o(-10).
2, 41
Suppose 6 = -21*z + 19*z. Let c(x) = -4*x**2 - 3*x - 44. Let b(s) = 9*s**2 + 7*s + 89. Let y(q) = z*b(q) - 7*c(q). List the prime factors of y(0).
41
Let z = -128 - -131. Let b(u) = 10*u**2 + 6*u - 4. What are the prime factors of b(z)?
2, 13
Let j(c) = c**2 - 4*c - 4. Let o be j(7). Let g(v) = -v**3 + 16*v**2 + 20*v - 23. Let i be g(o). Suppose 0*f + b = f - i, 2 = -b. List the prime factors of f.
2, 13
Suppose -3*u + 322 + 125 = 0. Let o be (-2)/(-6) - 584/6. Let n = u + o. What are the prime factors of n?
2, 13
Let d = 629 + -344. List the prime factors of d.
3, 5, 19
Let b be (-24)/7*(12 + -5). Suppose -315 = -25*w + 18*w. Let h = b + w. What are the prime factors of h?
3, 7
Suppose 4*v = -0*d - 2*d - 26, -5*v = -2*d + 10. List the prime factors of ((-243)/(-6))/((-3)/v).
2, 3
Let n = -419 - -827. What are the prime factors of n?
2, 3, 17
Let r = 216 + 135. List the prime factors of r.
3, 13
Suppose 2*f + 3*p = -11, 4*p = -0*p - 12. What are the prime factors of (-1)/f - (-48)/(0 + 1)?
7
Let z(t) = -3*t - 33. Let g(d) = -d - 7. Let a be g(-7). Let x be z(a). What are the prime factors of -1 - -12 - x/11?
2, 7
Suppose 0 = -z - s + 597, 12*z - 17*z + s + 2961 = 0. List the prime factors of z.
593
Suppose -3*w - w + 3*q = -10643, 3*w = -2*q + 7961. List the prime factors of w.
2657
Let m(z) be the third derivative of -z**3 + 0 - 1/3*z**4 + 0*z + 4*z**2. List the prime factors of m(-4).
2, 13
Let s(h) = -2*h**3 - 3*h**2 + h. Let j be s(-3). Let l be -3*3/9 + 1. Suppose -5*b + j + 1 = l. What are the prime factors of b?
5
Let h(s) = -7*s**3 + s**2 + 2*s + 1. Let z = -6 + 5. Let u be h(z). Suppose 2*c + 37 = u*c + 2*o, -3*c = -3*o - 39. What are the prime factors of c?
3
Let d = 40 + -38. Suppose 6*i = -d*j + 5*i + 65, 45 = j - 2*i. What are the prime factors of j?
5, 7
Let f = 245 + 683. What are the prime factors of f?
2, 29
Suppose -19*o + 1346 = -17*o. What are the prime factors of o?
673
Suppose f - 157 = 47. What are the prime factors of (f/(-8))/(1/(-2))?
3, 17
Suppose 2*q - 2*x = 902, 2*q - 2*x + 442 = 3*q. What are the prime factors of q?
2, 7
Suppose 14*o - 13*o - 6 = 0. Suppose -m - 3*t = -43, -o*m = -3*m - 5*t - 157. What are the prime factors of m?
7
What are the prime factors of 2/(-6) - 6282/(-54)?
2, 29
Let w(j) = -j + 1. Let f(o) = -28*o + 6. Let m(p) = f(p) - 6*w(p). Let u be m(1). What are the prime factors of (u/(-8))/(3/12)?
11
Let v(n) = n + 32 + 3*n + 2*n**2 - 3*n. List the prime factors of v(0).
2
Suppose x + u = -0*u + 209, -4*u = -2*x + 442. What are the prime factors of x?
3, 71
Suppose -3*j + 218 = -2*b, 2*j = -4*b + j - 436. Let m = 166 + b. List the prime factors of m.
3, 19
Let x = -2 - -7. Suppose -x*g - 4*u = -u - 84, -54 = -3*g - 3*u. Suppose g*l - 14*l = 7. What are the prime factors of l?
7
Suppose -268 = -31*l + 30*l. List the prime factors of l.
2, 67
Suppose -3*u - 80 = -19*u. Suppose 2*y = -2*w + 132, -u*y - 310 = -7*w + 2*w. What are the prime factors of w?
2
Let m = 1536 + -948. What are the prime factors of m?
2, 3, 7
Suppose -5*p = 5*w - 695, -9*p = w - 4*p - 139. What are the prime factors of w - (-7)/((-21)/12)?
3, 5
Let h = 1183 - 309. List the prime factors of h.
2, 19, 23
Suppose 4*c = 5*c - 607. What are the prime factors of c?
607
Let x = -40 - -36. Suppose 2*o = -w - 13, 0 = -2*o - 2*o + 4*w + 4. What are the prime factors of (x/o - -63) + 0?
2
Let y = -113 + 110. What are the prime factors of y - (-3 + -4) - -97?
101
Let z(j) = -4*j - 2. Let o be z(-3). Let r(t) = -2*t**2 + t**2 - 21*t + o + 30*t. What are the prime factors of r(7)?
2, 3
Let c be (-6 + 7)/((-2)/(-6)). Suppose -o + 204 = c*q + 2*q, -3*o + 558 = -3*q. List the prime factors of o.
3, 7
What are the prime factors of (3564/30 - 2/(-10)) + -6?
113
Suppose -57*s + 325316 = 93326. List the prime factors of s.
2, 5, 11, 37
Let n be (-6)/(18/15) - -3. What are the prime factors of n/17 - (-2518)/17?
2, 37
Let t(r) = -33*r - 7. Let o be (1 - -1) + 48/(-12). What are the prime factors of t(o)?
59
Let q be 4/((5 - 2)/((-6)/(-4))). List the prime factors of (q - -216) + (-4 - 1).
3, 71
Suppose -16 = -3*m - 16. Suppose 5*u + 170 = 2*b, -4*u = 3*b - m*u - 301. What are the prime factors of b?
5, 19
Suppose 116116 = 80*p - 22*p. List the prime factors of p.
2, 7, 11, 13
Let t be ((-8)/(-5))/((-4)/(-20)). Suppose 0 = -t*f + 312 - 80. What are the prime factors of f?
29
Let b(g) be the first derivative of g**4/4 + 5*g**3/3 - 5*g - 51. Let q = -3 + -1. List the prime factors of b(q).
11
Let b = -9 + 10. Let l(c) = 6*c - 10 + b - 4*c. What are the prime factors of l(9)?
3
Suppose -3*n - m = -848, n - 5*n + 4*m = -1104. What are the prime factors of n?
281
Let u be ((-28)/2)/(3 + 76/(-26)). Let r = u + 319. What are the prime factors of r?
137
What are the prime factors of (-2 - (-3029)/2) + (-50)/100?
2, 3, 7
Suppose -900 = -7*t + t. Suppose 3*k + t = 4*y, 0 = k + k - 4. What are the prime factors of y?
3, 13
Let t(k) = -k**3 + 13*k**2 + 7*k + 8. Let m(q) = -2*q**3 + 25*q**2 + 15*q + 15. Let g(v) = -6*m(v) + 11*t(v). List the prime factors of g(9).
43
Let j(x) = 11*x - 132. What are the prime factors of j(22)?
2, 5, 11
Suppose 0 = -x - 2*x - 5*k, -5*x = -2*k. Let l(z) = -2*z + 145. Let h be l(x). Suppose d + h = 6*d. List the prime factors of d.
29
Let f be 2/(-11) - 84/22. Let o = 20 + f. Let p = 21 - o. List the prime factors of p.
5
Let m be (-10)/25 + 24/10. Suppose 4*k - 92 = -4*z, -3*z - m*k = -k - 77. Suppose -z = -3*f - 0*f. List the prime factors of f.
3
Let f = -14 + 17. Let p = f - -3. Suppose -u - 80 = -p*u. List the prime factors of u.
2
Let a(h) = -h**2 - h - 1. Let m(g) = g**3 - g**2 - 3*g + 147. Let n(i) = -a(i) + m(i). What are the prime factors of n(0)?
2, 37
Suppose -9*p + 2*x - 7922 = -13*p, 0 = p - 3*x - 1998. What are the prime factors of p?
3, 661
Let u(y) = 27*y + 2. Let k(q) be the third derivative of -365*q**4/12 - 55*q**3/6 - 2*q**2. Let l(r) = 2*k(r) + 55*u(r). What are the prime factors of l(1)?
5
Let h = 5865 + -4035. List the prime factors of h.
2, 3, 5, 61
Suppose -221*m = -217*m - 1076. Suppose -2*q + m = f + 38, 5*q - 5*f = 585. What are the prime factors of q?
2, 29
Let f(u) = 2*u**3 - u**2 - u + 3. Let b be f(5). Suppose b = 5*t - 77. List the prime factors of t.
2, 3, 5
Let z(x) = -6*x**3 - x + 1. Let j be z(-2). Suppose 2*v = -3*u + 307, j = -2*v + 3*u + 376. What are the prime factors of v?
2, 79
Suppose -5*q + 4*q - 20 = 0. What are the prime factors of 5/(-2)*216/q?
3
What are the prime factors of 3156 - (46/10 + 18/45)?
23, 137
Suppose 59*x + 7940 = 69*x. List the prime factors of x.
2, 397
What are the prime factors of (4147/26)/(3/6)?
11, 29
Let z = 163 + 345. List the prime factors of z.
2, 127
Let j(n) =